*r + 2*v. Suppose -4 + 1 = o - 4*q, 4*q - 23 = -r*o. Calculate the greatest common factor of 40 and o.
5
Let j = 14 - -40. Let s = 90 - j. What is the highest common divisor of 324 and s?
36
Let u(i) = -i + 20. Let h be u(0). Let a be h/6 + (-1)/3. Let g(s) = 2*s**2 + 3*s - 2. Let p be g(a). Calculate the highest common divisor of p and 25.
25
Suppose -4*z - 2719 = -5*s + 2735, -4*z = 4. Calculate the greatest common factor of s and 10.
10
Let a = 1489 + -959. What is the greatest common divisor of a and 10?
10
Suppose g - 376 = -5*k, -66*g + 68*g + 298 = 4*k. What is the greatest common divisor of k and 60?
15
Let x(a) = a**3 + 19*a**2 + 15*a - 43. Suppose -3*h - 12*h - 270 = 0. Let y be x(h). What is the greatest common factor of 187 and y?
11
Suppose 0 = -4*c - 0*c + 32. Let z = -116 + 116. Suppose 14*i + i - 240 = z. Calculate the highest common factor of c and i.
8
Let z = -21 - -93. What is the greatest common divisor of z and 18?
18
Let b be ((-62)/(-3))/(6/9). Let x = -19 + b. Suppose 7*z - 10*z = -x. Calculate the highest common factor of z and 8.
4
Suppose 0 = 3*s + 2 - 74. Suppose 0 = f - 5*f + 672. Calculate the highest common factor of s and f.
24
Suppose 3*v - 826 = -0*v + m, 5*m - 286 = -v. What is the greatest common factor of v and 156?
12
Let w be 65/39 - (-346)/3. What is the highest common factor of w and 260?
13
Let s = 222 + -123. Suppose 7*a + 10 = 2*a. Let j be -2*2/a - -7. Calculate the highest common factor of s and j.
9
Suppose -7*c + 51 = -4*c. Let p = -18 + c. Let h be p/4 - (-318)/24. Calculate the greatest common factor of h and 52.
13
Suppose -16*h - 205 = -21*h. Suppose -h = -l - 13. Calculate the greatest common divisor of 14 and l.
14
Suppose 13 = f - 14*f. Let a(o) = -4*o**3 - 2*o**2 - o. Let h be a(f). Let c(v) = v**2 - 4*v - 3. Let t be c(6). What is the greatest common divisor of t and h?
3
Suppose -3*h + 15 = 0, 0 = y - 0*y - h - 55. Suppose -4*j + 14*j = y. Calculate the greatest common factor of j and 24.
6
Suppose 228 = 15*n - 372. Calculate the greatest common factor of n and 70.
10
Suppose 2*o - 2*c - 304 = 0, -4*c + 5*c + 768 = 5*o. Let m be (2 - -20)*(0 - -1). What is the greatest common factor of m and o?
22
Suppose 0 = 8*j - 7*j - 2*y - 106, 2*y - 218 = -2*j. What is the greatest common divisor of j and 9?
9
Suppose -909 = -2*m - m + 3*g, -3*m = 2*g - 924. What is the greatest common factor of m and 816?
102
Let c be (-27 - 12) + (-2 - -1). Let u = c - -70. What is the greatest common factor of 75 and u?
15
Let k = 148 + -122. Calculate the highest common divisor of k and 2.
2
Suppose -107901 = -33*t - 40977. What is the highest common factor of t and 12?
12
Let q(y) = -3*y**3 - y**2 + 5*y + 1. Let b be q(-2). Let d be 20/1 + (5 - 3). Calculate the highest common divisor of b and d.
11
Suppose -891 = 4*f - 31*f. What is the greatest common factor of 44 and f?
11
Suppose -s - 7 = -h + 1, 4*h + 5*s + 4 = 0. Let l(a) = a**3 + 14*a**2 + 4*a + 72. Let k be l(-14). Calculate the highest common factor of k and h.
4
Suppose 2*b - 4*z = 86, 4*b + 2*z = 2*b + 92. What is the greatest common factor of b and 405?
45
Suppose 732 = 4*q - 4*b, -5*q + 1249 = -2*b + 331. Calculate the highest common factor of 253 and q.
23
Let b be ((-1)/(-2))/((-4)/48). Let p be (6 + b)*(-1 - 0). Suppose p = -5*s + 3*s + 70. What is the highest common divisor of s and 5?
5
Suppose 0 = 4*q - 69 + 9. Suppose q*b = 17*b - 20. What is the greatest common divisor of 50 and b?
10
Suppose 0*b + 2 = 5*t - 2*b, 3 = -t - 3*b. Suppose -4*m + 0*m = -2*n - 160, t = -5*n. Calculate the highest common factor of m and 8.
8
Suppose 4*z - 324 + 180 = 0. Calculate the highest common factor of z and 15.
3
Let n(v) = -v**3 + 6*v**2 + v + 1. Let l be n(3). Let h = -2012 - -2043. What is the greatest common divisor of h and l?
31
Suppose -28314 = -5*k + 16*k. Let f be k/(-72) + (-1 - 5/(-4)). What is the greatest common factor of 27 and f?
9
Let r(l) = 1 - l + 3 + 37 + 34. Let d be r(0). Suppose 5*b = 4*b, 2*s = 3*b + 30. What is the greatest common divisor of s and d?
15
Let y be ((-27)/3)/(-3 - 132/(-45)). What is the highest common factor of 486 and y?
27
Let a(r) = 9*r + 138. Let h be a(-14). Let l = -57 + 229. Let s = l - 52. Calculate the greatest common divisor of h and s.
12
Suppose -9*s - 2182 + 2452 = 0. Suppose 5*b - 580 = 5*x, 0*b - b + 5*x = -100. Calculate the greatest common factor of b and s.
30
Let i be -3 + 6 - (-6)/2. Suppose -i*t - 5*t = -792. What is the highest common factor of t and 9?
9
Let a = 10 + -6. Let j(t) = -116*t + 4525. Let c be j(39). What is the highest common factor of c and a?
1
Suppose 10 = 5*r, -14 = -s - 2*r - 3*r. Suppose -13 = -x - s. Calculate the highest common factor of x and 27.
9
Let h = -15 + 19. Suppose 0*j + 8 = h*j. Suppose 0 = j*u - 2 - 2. What is the greatest common factor of 6 and u?
2
Let l = 19 - 9. Let s = l + 3. What is the greatest common divisor of s and 52?
13
Suppose 2*r - 59 = -5*b, 3*b + r - 4*r = 27. What is the highest common divisor of 979 and b?
11
Suppose 18*n - 5*n - 169 = 0. Let v be (1 - -1) + -1 + -1. Suppose v = -0*q - q + 39. Calculate the greatest common factor of n and q.
13
Suppose 2*f = -5*u + 710, f - 4*u = 167 + 214. What is the highest common divisor of f and 146?
73
Suppose 0*x - 4*x = 2*a + 4, 2*a + 5*x + 6 = 0. Suppose s - b = 11, 4*b = a*s + b - 23. What is the highest common factor of s and 15?
5
Let k be (8 - (2 - 3))/1. Let v = k - 5. Let p = 80 - 48. What is the highest common factor of p and v?
4
Suppose 4*x = 3 + 17. Suppose -150 = -x*z + 3*i, -z - 44 = -3*z - 2*i. Calculate the highest common divisor of z and 54.
27
Suppose -4*z + 0*z = 12, 0 = 4*l - 3*z - 165. Let w(y) = y**2 - 2*y - 2. Let f be w(-4). Let p = l - f. Calculate the highest common factor of p and 153.
17
Suppose p = 5*p + 8. Let h(l) = -45*l + 2. Let f be h(p). Suppose -4*n - 424 = -5*a - 0*a, -a - n + f = 0. What is the highest common factor of 8 and a?
8
Let c = -313 + 534. Calculate the greatest common divisor of c and 34.
17
Suppose 0 = -25*b + 8126 + 874. Calculate the greatest common factor of 162 and b.
18
Suppose -5*g = -4*g + 1. Let p be g/((0 + 1)/16). Let b = p - -28. What is the greatest common factor of 24 and b?
12
Let o be 93 + 3/(-9)*-15. Calculate the highest common divisor of o and 28.
14
Let k be (4/8)/(4/1736). Let c = k + -142. Calculate the greatest common factor of 45 and c.
15
Let m be (-29 + 12)*2/(-4)*2. What is the greatest common divisor of m and 493?
17
Let p be 2 + 30/(-18) - (-268)/6. Suppose p = 6*f - 3*f. Calculate the greatest common factor of f and 10.
5
Let y = -355 - -367. Calculate the greatest common divisor of 1452 and y.
12
Let g be (5 - -18) + 4 - -4. Let a = 394 + -115. Calculate the greatest common factor of a and g.
31
Suppose g - 4 - 8 = 0. Let l = -214 + 310. What is the greatest common divisor of g and l?
12
Suppose -42*p + 48*p = 18. What is the highest common divisor of 6 and p?
3
Let b = 31 - 24. Let o(m) = -m**2 - 5*m - 1. Let j be o(-4). Suppose -b - j = -5*d. What is the highest common divisor of 4 and d?
2
Let f be -2 - (7 + -9)/((-4)/(-18)). Suppose 19*j - f*j = 1056. What is the greatest common divisor of 22 and j?
22
Suppose -k - 144 = -2*h + 3*k, 3*k = -2*h + 172. What is the greatest common factor of 10 and h?
10
Suppose 0 = h - 6 - 24. Suppose 0 = -v + l + 72, 2*l = v + 7*l - 90. What is the highest common factor of h and v?
15
Let l = -362 - -365. What is the highest common factor of 9 and l?
3
Let c = 3 - 8. Let r = 4 + c. Let t be (-1 - -4)/r + 139. Calculate the highest common divisor of 17 and t.
17
Suppose -15*j = -35*j + 1700. Let x be ((-19)/5 - 3)*-5. What is the greatest common divisor of j and x?
17
Suppose 3*y + 4*q = 18, y - 8 = 3*q + 11. Let b(o) = 11*o - 8. Let m be b(5). Let a = m + 3. Calculate the highest common divisor of y and a.
10
Suppose 7*q - 6360 = -17*q. What is the highest common divisor of 10 and q?
5
Let i be 168/(-126) + 488/6. Calculate the greatest common factor of 1440 and i.
80
Let x(r) = -2*r**3 - 2*r**2 + 3*r + 3. Suppose 9*w - 6*w = 3. Let d be 4*(-1)/w + 2. Let n be x(d). What is the greatest common divisor of 1 and n?
1
Suppose 5*h - 4*t + 1 + 1 = 0, 9 = 3*t. Suppose 8 = -h*q + q. Let d = 3